pose 0 = 3*z + 2*g - 34, 0*g = 2*z - 3*g - p. What are the prime factors of z?
2, 5
Let x = 54 - 33. What are the prime factors of x?
3, 7
Let p(w) = 9*w + 18. What are the prime factors of p(9)?
3, 11
What are the prime factors of (12/5)/(18/60)?
2
Suppose -2*t + 194 = -30. Suppose 0 = -3*j - 4*c + 136, -j + t = 2*j - 2*c. What are the prime factors of j?
2, 5
Let i = 24 + 6. What are the prime factors of i?
2, 3, 5
Suppose 3*q + 5*l - 14 = 0, -2 = -q + l - 0*l. Suppose 0 = -4*k + 3*t + 30, 0*t = -4*k - 3*t + 42. Suppose -q*d = -6 - k. List the prime factors of d.
5
Suppose -34*d + 38*d = 16. What are the prime factors of d?
2
Suppose 0*r + 4 = 4*s - 5*r, -2 = -2*s + 3*r. List the prime factors of s/2*-2 + 14.
13
Suppose -i + 5*i - 3*o = 57, -5*i = 2*o - 100. Suppose 3*p - i = 54. What are the prime factors of p?
2, 3
Suppose 0 = -b + 5*b - 16. Let d be (2/b)/((-2)/(-20)). Let q = d - 3. What are the prime factors of q?
2
Let t(y) = -6*y - 6. Let i(p) = -1. Let l(v) = -5*i(v) + t(v). Let g be l(-2). Suppose -2*j + g = -5*q, j - 1 = -2*q - 0. What are the prime factors of j?
3
Suppose -5 - 12 = -m + 3*l, 4*m = -2*l + 12. Suppose m*b - 83 + 19 = 4*q, -q - 1 = 0. List the prime factors of b.
2, 3
Suppose -2*l - 25 = -113. What are the prime factors of l?
2, 11
Let r = 11 + -8. Suppose r*g + 0*g - 36 = 0. What are the prime factors of g?
2, 3
Let q be (0 - 1)*3/(-1). What are the prime factors of (-5)/(1*q/(-6))?
2, 5
Let l = 9 - 3. Suppose -3*o - 3 = 0, p - 4*o - l - 1 = 0. What are the prime factors of p?
3
Let j = -11 + 14. Suppose j*z - 4 = 83. List the prime factors of z.
29
Suppose -2*q = -5*m - 14, 8*q - m = 3*q + 12. Suppose y + q*y = 51. List the prime factors of y.
17
Suppose 3*r = 22 + 92. Suppose -5*o + 22 = -r. Let d = o + 1. List the prime factors of d.
13
Let l be 3/(-6)*(1 - 1). Suppose -5*f = -l*f + 5*z - 30, -3*f = -5*z - 18. List the prime factors of f.
2, 3
List the prime factors of (3*8)/(46/69).
2, 3
Suppose -o = 3*w - 18, 2*w = 5*o - w. Suppose -o*m + 56 = m. List the prime factors of m.
2, 7
Suppose -23*n + 70 = -21*n. What are the prime factors of n?
5, 7
Let u = -44 - -116. Suppose -2*w = w - u. What are the prime factors of w?
2, 3
Suppose -2*c - 5*c + 42 = 0. Let h = c + 17. What are the prime factors of h?
23
Suppose 1208 = 12*t - 4*t. List the prime factors of t.
151
Let a(o) = -o - 16. Let l be a(-8). List the prime factors of l/(-6)*(-81)/(-9).
2, 3
Let h be 7/2 + 4/(-8). Suppose -4*v = -9*v + 55. Suppose 2*n - v - h = 0. What are the prime factors of n?
7
Suppose i = -i - 4. Let j(b) be the second derivative of -b**3/2 - 3*b**2/2 - b. List the prime factors of j(i).
3
Suppose -2*q + 3*q = 9. Suppose 5*y = 5*p + 35, 3*y + q = -3*p - 0. What are the prime factors of y?
2
Let w(m) = 2*m**3 + m**2 + 129. What are the prime factors of w(0)?
3, 43
Let v = -22 - -34. List the prime factors of v.
2, 3
Let i(s) = s**3 + 10*s**2 + 6*s + 11. What are the prime factors of i(-7)?
2, 29
Suppose 0 = g + 5*b - 180, -2*b - 8 = -4. What are the prime factors of g?
2, 5, 19
Let c = 4 + -12. What are the prime factors of (-273)/(-8) - (-1)/c?
2, 17
Suppose -2*j = 5*b - 6*j - 125, 0 = -3*b - 5*j + 38. List the prime factors of (72/b)/(2/7).
2, 3
Let b(d) = -d**2 - 4*d + 3. Let v be b(-4). Suppose 14 = v*j + 5. Suppose 0 = 3*y - 8*y + j*o + 54, -3*y + 28 = -4*o. List the prime factors of y.
2, 3
What are the prime factors of 1044/10 - 12/(-20)?
3, 5, 7
Suppose -l = -3*l + 88. What are the prime factors of l?
2, 11
Let k(s) = s + 13. Suppose -5*d - 25 - 15 = 0. Let c be k(d). Suppose 2*n + 50 = c*l - 3*n, 5*l - 2*n - 41 = 0. What are the prime factors of l?
7
Let y = 4 - 1. Suppose 2*m + 32 = 5*m + 5*p, 0 = y*m - 3*p. Suppose -m*o - 10 = -9*o. What are the prime factors of o?
2
Let g(c) = 9*c**2 + 5*c - 6. What are the prime factors of g(2)?
2, 5
Suppose 2*h + 21 = 2*q - 9, -5*h + 33 = 4*q. Suppose -p - q - 3 = 5*l, 0 = 4*p + 2*l - 30. What are the prime factors of p?
2, 5
Suppose -5*d - 15 + 40 = 0. Suppose 5*l - 3*j - 54 = 2*l, -d*l + 58 = 3*j. Let b = -7 + l. List the prime factors of b.
7
Let p(f) = f**2 + 7*f - 3. Let u be p(-8). Suppose -3*v - v + 32 = 2*l, -5*l + 30 = u*v. List the prime factors of v.
2, 5
Suppose q = -0*q. Suppose -5*z + 2*l - 3*l = -122, q = -z - l + 26. List the prime factors of z.
2, 3
Let o(g) = g**2 - 25*g + 11. List the prime factors of o(27).
5, 13
Let s = -7 + 59. What are the prime factors of s?
2, 13
Suppose -n - 4*n + 10 = 0. Suppose n*l + 8 - 30 = 0. What are the prime factors of l?
11
Let j(u) = -u - 1. Let t be j(-4). Suppose n = -3*v + 8, t*n + 12 = 5*v - 2*v. List the prime factors of v.
3
Let v(m) = -m - 4. Let s be v(-8). Suppose 0 = s*h + 2 - 50. List the prime factors of h.
2, 3
Suppose s + 4*d = 25 + 1, s - 20 = 2*d. List the prime factors of s.
2, 11
Let t(z) = -5*z**2 + 2*z**2 + z**2 + 1. Let p be t(2). Let n = p + 14. List the prime factors of n.
7
Let i(o) = o**3 - 8*o**2 + 8*o - 3. Let y be i(7). Let r(n) = -2*n - 1. Let t be r(1). What are the prime factors of -3 + y + (1 - t)?
5
Let d(n) = -n**3 - 5*n**2 + n - 5. Let h be d(-5). Let l = 12 + h. What are the prime factors of l?
2
Suppose -233 = -3*l - 0*u + u, -296 = -4*l + 5*u. List the prime factors of l.
79
Suppose -2*t + 96 = 4*p - 70, 5*p = 5*t + 200. Let i = -41 + 21. Let y = i + p. What are the prime factors of y?
3, 7
Suppose 0 = -3*m - 0*m + 90. Let b be m/(-3)*(1 - 0). List the prime factors of 5/2*(-12)/b.
3
Suppose 126 = -0*l + 3*l. Suppose -2*d + 14 = -l. List the prime factors of d.
2, 7
Suppose 3 = 2*k - 1. Suppose k*i + 3*m = -0*m + 24, -8 = -2*m. List the prime factors of i.
2, 3
Suppose 0 = -5*o + 20 + 160. List the prime factors of o.
2, 3
Let n = 7 - 10. What are the prime factors of 1/n*(-3 + -48)?
17
Let f(r) = -8*r**3 + 7*r + 5. What are the prime factors of f(-2)?
5, 11
Let d = 57 + -22. Let a = d + -16. List the prime factors of a.
19
Let f(b) = 352*b**3 - 48*b**2 - 48*b. Let q(k) = -37*k**3 + 5*k**2 + 5*k. Let p(i) = -5*f(i) - 48*q(i). List the prime factors of p(1).
2
Suppose a = -3*i + 10, 2*i + 69 + 13 = 4*a. Let h = a + 7. Let k = h - 14. What are the prime factors of k?
2, 3
Let s = 115 - 55. List the prime factors of s.
2, 3, 5
Let l be 0 + -1 + (43 - 2). Suppose -4*m + l = -240. Suppose 0 = -3*w - 2*w + m. What are the prime factors of w?
2, 7
Suppose -4*c + k + 38 = 0, -2*c + k = -28 + 10. Let q(n) = 2*n - 4. List the prime factors of q(c).
2
Let h = 19 - 13. What are the prime factors of h/3 - -3*7?
23
Suppose -3*c = -63 + 12. What are the prime factors of c?
17
Suppose -5*w + 3*l - 10 = -l, -l = -5*w + 5. Suppose 8 - w = f. What are the prime factors of f?
2, 3
Let z(t) = -t + 11. Let n be z(9). Suppose -n*h = -a + 2*h - 15, 0 = a + 3*h - 20. What are the prime factors of a?
5
Suppose -20 = 4*r + 4. Let w be 3/(r + 3)*-8. List the prime factors of -15*(3 + w/(-2)).
3, 5
Suppose 5*x = 5*u - 315, -u + 6*x = 3*x - 63. List the prime factors of u.
3, 7
Let v = -2 + 16. List the prime factors of v.
2, 7
Suppose -a + 3 = 4*b, -a + 0*a - 9 = -2*b. Let t = b - 0. Suppose -t*n - n = -18. List the prime factors of n.
2, 3
Suppose 14 + 6 = 5*q, -k + 2*q + 31 = 0. List the prime factors of k.
3, 13
Suppose 0 = 3*q + 43 - 4. Let s(m) = m**2 + 11*m - 2. What are the prime factors of s(q)?
2, 3
Let m = -30 - -3. Let f = 6 + m. Let n = f + 43. List the prime factors of n.
2, 11
Suppose k - 12 = 4*p, k = 5*k - 2*p - 76. Suppose -5*s - 4*b + 98 = 0, -s + 2*b = 3*b - k. List the prime factors of s.
2, 3
Let w(p) = -3*p - 12. List the prime factors of w(-17).
3, 13
Suppose 0*d + 2*d = -4. Let r be 12/((-1)/2 - d). List the prime factors of (6/(-4))/((-6)/r).
2
Let i(f) = -f**2 + 20*f - 20. What are the prime factors of i(17)?
31
Suppose -2*w = 3*v - 98, -4*v + 32 = w - 97. What are the prime factors of 478/16 - (-4)/v?
2, 3, 5
Suppose -4*o + 3*o = 6. What are the prime factors of (-21)/(-2) - 3/o?
11
Let a be (1/2)/((-4)/(-24)). Suppose -18 = -a*q + 24. Suppose 19 + q = 3*h. List the prime factors of h.
11
Let n(m) = -m - 13. Suppose -4*q + 12 = -7*q, 3*y = -4*q - 34. Let r be n(y). Let k = r - -15. List the prime factors of k.
2
Let r(w) = -4*w + 7. Let v be r(-6). Suppose 4 = 4*b, -4*x + 64 = -5*b - v. List the p